{"id":4080,"date":"2026-01-29T13:25:05","date_gmt":"2026-01-29T12:25:05","guid":{"rendered":"https:\/\/www.sothcatering.com\/?post_type=product&#038;p=4080"},"modified":"2026-02-25T20:22:39","modified_gmt":"2026-02-25T19:22:39","slug":"fleisch-canapes-box","status":"publish","type":"product","link":"https:\/\/www.sothcatering.com\/?product=fleisch-canapes-box","title":{"rendered":"Fleisch Canap\u00e9s Box"},"content":{"rendered":"<p data-start=\"416\" data-end=\"449\">Feine Canap\u00e9s mit ausgew\u00e4hlten Fleischspezialit\u00e4ten.<\/p>\n<p data-start=\"416\" data-end=\"449\">Jede Variante wird frisch zubereitet und ansprechend angerichtet.<\/p>\n<p data-start=\"81\" data-end=\"323\"><strong data-start=\"81\" data-end=\"149\">Frischk\u00e4se mit Rucola, getrockneten Tomaten und Prosciutto Crudo<\/strong><br data-start=\"149\" data-end=\"152\" \/>Cremiger Frischk\u00e4se mit frischem Rucola, aromatischen getrockneten Tomaten und feinem Prosciutto Crudo.<br data-start=\"255\" data-end=\"258\" \/><strong data-start=\"258\" data-end=\"270\">Enth\u00e4lt:<\/strong> Glutenhaltiges Getreide (Weizen), Milch (Laktose).<\/p>\n<p data-start=\"325\" data-end=\"587\"><strong data-start=\"325\" data-end=\"380\">Frischk\u00e4se mit Serrano, Cherrytomaten und Basilikum<\/strong><br data-start=\"380\" data-end=\"383\" \/>Feiner Frischk\u00e4se, kombiniert mit w\u00fcrzigem Serrano-Schinken, sonnengereiften Cherrytomaten und frischem Basilikum.<br data-start=\"497\" data-end=\"500\" \/><strong data-start=\"500\" data-end=\"512\">Enth\u00e4lt:<\/strong> Milch (Laktose), Eier, Schalenfr\u00fcchte, Glutenhaltiges Getreide (Weizen).<\/p>\n<p data-start=\"589\" data-end=\"803\"><strong data-start=\"589\" data-end=\"629\">Ricotta mit Mortadella und Pistazien<\/strong><br data-start=\"629\" data-end=\"632\" \/>Zarter Ricotta mit aromatischer Mortadella und ger\u00f6steten Pistazien \u2013 harmonisch und raffiniert im Geschmack.<br data-start=\"741\" data-end=\"744\" \/><strong data-start=\"744\" data-end=\"756\">Enth\u00e4lt:<\/strong> Milch (Laktose), Schalenfr\u00fcchte (Pistazien).<\/p>\n<p data-start=\"589\" data-end=\"803\"><strong data-start=\"525\" data-end=\"564\">Salami mit Mozzarella und Basilikum<\/strong><br data-start=\"564\" data-end=\"567\" \/>Herzhafte Salami mit zartem Mozzarella und frischem Basilikum \u2013 mediterran und ausgewogen.<br data-start=\"657\" data-end=\"660\" \/><strong data-start=\"660\" data-end=\"672\">Enth\u00e4lt:<\/strong> Milch (Laktose), Glutenhaltiges Getreide (Weizen).<\/p>\n<p data-start=\"589\" data-end=\"803\"><strong data-start=\"174\" data-end=\"239\">Prosciutto Crudo mit getrockneten Feigen und Ziegenfrischk\u00e4se<\/strong><br data-start=\"239\" data-end=\"242\" \/>Zart gereifter Prosciutto Crudo, kombiniert mit s\u00fc\u00dfen getrockneten Feigen und cremigem Ziegenfrischk\u00e4se \u2013 elegant und ausgewogen.<br data-start=\"371\" data-end=\"374\" \/><strong data-start=\"374\" data-end=\"386\">Enth\u00e4lt:<\/strong> Milch (Laktose), Glutenhaltiges Getreide (Weizen).<\/p>\n<p data-start=\"341\" data-end=\"448\">Zu jeder Bestellung erhalten Sie eine Allergenliste, eine Speisekarte sowie unsere Genusstipps.<\/p>\n<p data-start=\"975\" data-end=\"1192\"><em>Allergene: <\/em><span dir=\"auto\">Unsere Produkte werden t\u00e4glich frisch in unseren K\u00fcchen zubereitet. Wir bem\u00fchen uns, Allergien bestm\u00f6glich zu ber\u00fccksichtigen, jedoch besteht ein erh\u00f6htes Risiko einer Kreuzkontamination. Bitte beachten Sie, dass Spuren aller 14 Allergene in unseren Lebensmitteln enthalten sein k\u00f6nnen: Sellerie, Krustentiere, Eier, Fisch, Gluten, Lupinen, Milch, Weichtiere, Senf, Erdn\u00fcsse, Sesam, Sojabohnen, Schwefeldioxid und Sulfite sowie Schalenfr\u00fcchte.<\/span><\/p>\n<p data-start=\"975\" data-end=\"1192\">Bitte geben Sie Allergien oder besondere Ern\u00e4hrungsw\u00fcnsche bei der Bestellung an. Eine vollst\u00e4ndige Allergenfreiheit k\u00f6nnen wir nicht garantieren.<\/p>\n<p data-start=\"874\" data-end=\"973\">\n","protected":false},"excerpt":{"rendered":"<p data-start=\"975\" data-end=\"1192\">Unsere <strong data-start=\"154\" data-end=\"183\">Canap\u00e9s aus Ciabatta Brot Messinez Maubegue dedex France<\/strong>\u00a0 sind fein belegte, mundgerechte H\u00e4ppchen \u2013 perfekt f\u00fcr Empf\u00e4nge, Events, Meetings und Feiern. Knuspriges Baguette trifft auf hochwertige, frisch zubereitete Bel\u00e4ge und sorgt f\u00fcr eleganten Genuss in kleiner Form. Jede Canap\u00e9s wird frisch zubereitet und \u00fcberzeugt durch hochwertige Zutaten, ausgewogene Zusammenstellung und eine ansprechende Pr\u00e4sentation.<\/p>\n<p data-start=\"874\" data-end=\"973\"><em><span style=\"color: #993300;\">Boxinhalt:<\/span> 24 St\u00fcck. Individuelle Sorten auf Anfrage.<\/em><\/p>\n<p data-start=\"874\" data-end=\"973\"><em><span style=\"color: #993300;\">Mindestbestellmenge:<\/span><\/em> 1 Box<\/p>\n","protected":false},"featured_media":4082,"template":"","meta":[],"product_brand":[],"product_cat":[64],"product_tag":[],"class_list":{"0":"post-4080","1":"product","2":"type-product","3":"status-publish","4":"has-post-thumbnail","6":"product_cat-boxen","8":"first","9":"instock","10":"taxable","11":"shipping-taxable","12":"purchasable","13":"product-type-simple"},"jetpack_sharing_enabled":true,"_links":{"self":[{"href":"https:\/\/www.sothcatering.com\/index.php?rest_route=\/wp\/v2\/product\/4080","targetHints":{"allow":["GET"]}}],"collection":[{"href":"https:\/\/www.sothcatering.com\/index.php?rest_route=\/wp\/v2\/product"}],"about":[{"href":"https:\/\/www.sothcatering.com\/index.php?rest_route=\/wp\/v2\/types\/product"}],"wp:featuredmedia":[{"embeddable":true,"href":"https:\/\/www.sothcatering.com\/index.php?rest_route=\/wp\/v2\/media\/4082"}],"wp:attachment":[{"href":"https:\/\/www.sothcatering.com\/index.php?rest_route=%2Fwp%2Fv2%2Fmedia&parent=4080"}],"wp:term":[{"taxonomy":"product_brand","embeddable":true,"href":"https:\/\/www.sothcatering.com\/index.php?rest_route=%2Fwp%2Fv2%2Fproduct_brand&post=4080"},{"taxonomy":"product_cat","embeddable":true,"href":"https:\/\/www.sothcatering.com\/index.php?rest_route=%2Fwp%2Fv2%2Fproduct_cat&post=4080"},{"taxonomy":"product_tag","embeddable":true,"href":"https:\/\/www.sothcatering.com\/index.php?rest_route=%2Fwp%2Fv2%2Fproduct_tag&post=4080"}],"curies":[{"name":"wp","href":"https:\/\/api.w.org\/{rel}","templated":true}]}}