{"id":4105,"date":"2026-02-01T08:04:39","date_gmt":"2026-02-01T07:04:39","guid":{"rendered":"https:\/\/www.sothcatering.com\/?post_type=product&#038;p=4105"},"modified":"2026-02-08T01:05:48","modified_gmt":"2026-02-08T00:05:48","slug":"geschenkgutschein-100e","status":"publish","type":"product","link":"https:\/\/www.sothcatering.com\/?product=geschenkgutschein-100e","title":{"rendered":"Geschenkgutschein 100\u20ac"},"content":{"rendered":"<p>Der Geschenkgutschein ist ideal f\u00fcr Geburtstage, Firmenfeiern und besondere Anl\u00e4sse.<\/p>\n<p>\u2022 Frei einl\u00f6sbar im Onlineshop<br \/>\n\u2022 G\u00fcltig f\u00fcr Canap\u00e9s, Platten &amp; Catering<br \/>\n\u2022 Gutscheincode wird nach Bestellung per E-Mail oder per Post \u00fcbermittelt<\/p>\n<p><strong data-start=\"346\" data-end=\"358\">Hinweis:<\/strong> Bitte w\u00e4hlen Sie im Checkout ein Datum aus (technisch erforderlich). Der Gutschein wird per E-Mail \u00fcbermittelt.<\/p>\n","protected":false},"excerpt":{"rendered":"<p>Geschenkgutschein im Wert von 100 \u20ac.<br \/>\nEinl\u00f6sbar f\u00fcr alle Produkte im Onlineshop.<\/p>\n","protected":false},"featured_media":4118,"template":"","meta":[],"product_brand":[],"product_cat":[65],"product_tag":[],"class_list":{"0":"post-4105","1":"product","2":"type-product","3":"status-publish","4":"has-post-thumbnail","6":"product_cat-geschenkgutscheine","8":"first","9":"instock","10":"virtual","11":"purchasable","12":"product-type-simple"},"jetpack_sharing_enabled":true,"_links":{"self":[{"href":"https:\/\/www.sothcatering.com\/index.php?rest_route=\/wp\/v2\/product\/4105","targetHints":{"allow":["GET"]}}],"collection":[{"href":"https:\/\/www.sothcatering.com\/index.php?rest_route=\/wp\/v2\/product"}],"about":[{"href":"https:\/\/www.sothcatering.com\/index.php?rest_route=\/wp\/v2\/types\/product"}],"wp:featuredmedia":[{"embeddable":true,"href":"https:\/\/www.sothcatering.com\/index.php?rest_route=\/wp\/v2\/media\/4118"}],"wp:attachment":[{"href":"https:\/\/www.sothcatering.com\/index.php?rest_route=%2Fwp%2Fv2%2Fmedia&parent=4105"}],"wp:term":[{"taxonomy":"product_brand","embeddable":true,"href":"https:\/\/www.sothcatering.com\/index.php?rest_route=%2Fwp%2Fv2%2Fproduct_brand&post=4105"},{"taxonomy":"product_cat","embeddable":true,"href":"https:\/\/www.sothcatering.com\/index.php?rest_route=%2Fwp%2Fv2%2Fproduct_cat&post=4105"},{"taxonomy":"product_tag","embeddable":true,"href":"https:\/\/www.sothcatering.com\/index.php?rest_route=%2Fwp%2Fv2%2Fproduct_tag&post=4105"}],"curies":[{"name":"wp","href":"https:\/\/api.w.org\/{rel}","templated":true}]}}