{"id":4112,"date":"2026-02-08T00:30:02","date_gmt":"2026-02-07T23:30:02","guid":{"rendered":"https:\/\/www.sothcatering.com\/?post_type=product&#038;p=4112"},"modified":"2026-02-08T01:10:12","modified_gmt":"2026-02-08T00:10:12","slug":"geschenkgutschein-50-e","status":"publish","type":"product","link":"https:\/\/www.sothcatering.com\/?product=geschenkgutschein-50-e","title":{"rendered":"Geschenkgutschein 50 \u20ac"},"content":{"rendered":"<p data-start=\"832\" data-end=\"976\">Dieser Gutschein ist ideal f\u00fcr Geburtstage, Firmenfeiern und besondere Anl\u00e4sse.<\/p>\n<p data-start=\"978\" data-end=\"1080\">\u2022 Einl\u00f6sbar im Onlineshop<br data-start=\"1003\" data-end=\"1006\" \/>\u2022 G\u00fcltig f\u00fcr Canap\u00e9s, Platten &amp; Catering<br data-start=\"1046\" data-end=\"1049\" \/>\u2022 Keine Barauszahlung m\u00f6glich<\/p>\n<p data-start=\"978\" data-end=\"1080\">\u2022 Gutscheincode wird nach Bestellung per E-Mail oder per Post \u00fcbermittelt<\/p>\n<p data-start=\"978\" data-end=\"1080\"><strong data-start=\"346\" data-end=\"358\">Hinweis:<\/strong> Bitte w\u00e4hlen Sie im Checkout ein Datum aus (technisch erforderlich). Der Gutschein wird per E-Mail \u00fcbermittelt.<\/p>\n","protected":false},"excerpt":{"rendered":"<p>Geschenkgutschein im Wert von 50 \u20ac.<\/p>\n<p>Einl\u00f6sbar f\u00fcr alle Produkte im Onlineshop.<\/p>\n","protected":false},"featured_media":4117,"template":"","meta":[],"product_brand":[],"product_cat":[65],"product_tag":[],"class_list":{"0":"post-4112","1":"product","2":"type-product","3":"status-publish","4":"has-post-thumbnail","6":"product_cat-geschenkgutscheine","8":"first","9":"instock","10":"virtual","11":"purchasable","12":"product-type-simple"},"jetpack_sharing_enabled":true,"_links":{"self":[{"href":"https:\/\/www.sothcatering.com\/index.php?rest_route=\/wp\/v2\/product\/4112","targetHints":{"allow":["GET"]}}],"collection":[{"href":"https:\/\/www.sothcatering.com\/index.php?rest_route=\/wp\/v2\/product"}],"about":[{"href":"https:\/\/www.sothcatering.com\/index.php?rest_route=\/wp\/v2\/types\/product"}],"wp:featuredmedia":[{"embeddable":true,"href":"https:\/\/www.sothcatering.com\/index.php?rest_route=\/wp\/v2\/media\/4117"}],"wp:attachment":[{"href":"https:\/\/www.sothcatering.com\/index.php?rest_route=%2Fwp%2Fv2%2Fmedia&parent=4112"}],"wp:term":[{"taxonomy":"product_brand","embeddable":true,"href":"https:\/\/www.sothcatering.com\/index.php?rest_route=%2Fwp%2Fv2%2Fproduct_brand&post=4112"},{"taxonomy":"product_cat","embeddable":true,"href":"https:\/\/www.sothcatering.com\/index.php?rest_route=%2Fwp%2Fv2%2Fproduct_cat&post=4112"},{"taxonomy":"product_tag","embeddable":true,"href":"https:\/\/www.sothcatering.com\/index.php?rest_route=%2Fwp%2Fv2%2Fproduct_tag&post=4112"}],"curies":[{"name":"wp","href":"https:\/\/api.w.org\/{rel}","templated":true}]}}